2 + w = -3*c. Is s(c) a composite number?
False
Let b(n) = -n**2 + n + 6. Let h be b(3). Suppose 0*q - q - 20 = h. Is (-8)/(-20) - 1372/q prime?
False
Suppose 0 = n - 2*t - 57905, n - 18184 = -2*t + 39709. Is n prime?
True
Suppose -5*y = 7 + 8, -48 = -3*o - 3*y. Suppose -o*a + 20*a - 161 = 0. Is a composite?
True
Let n(a) = -2*a**3 - 6*a**2 - 37*a + 68. Is n(-29) a composite number?
True
Let l(n) be the first derivative of -42*n**2 - n + 7. Is l(-5) a prime number?
True
Suppose 3*m - 4*m + 46 = -f, 5*f - 4*m = -235. Suppose -3*x + 581 = 5*u - 2*x, -2*u = x - 233. Let d = u + f. Is d a prime number?
False
Suppose -4*v + 9998 = -2*u, 3*v + 2*u - 6917 - 564 = 0. Is v prime?
False
Suppose -2*x + 922 = -332. Suppose -x = -8*h + 5*h. Is h composite?
True
Let i = 10312 + 1087. Is i prime?
True
Suppose -3*r = 2*n - 10781, 4 = 4*n - 0. Is r prime?
True
Let w = -388 + 1327. Suppose -2*z - 4*y + 366 = 0, 2*y + 2*y = -5*z + w. Is z composite?
False
Suppose 0*y = -2*y. Suppose y*h = 4*h - 12. Suppose 3*p = 4*o - 144, 136 = o + h*o - p. Is o a composite number?
True
Let s(y) = y + 9. Let v be s(14). Suppose -v*l = -21*l - 446. Is l a composite number?
False
Let r(q) = q**2 - 15*q - 21. Let i be r(15). Let n(x) = 3*x**2 + 10*x - 31. Is n(i) a composite number?
True
Suppose 0 = 3*n - v - v - 1939, 0 = -3*v - 6. Suppose -219 = -y - 2*k, 0 = -3*y - 4*k + k + n. Is y composite?
False
Suppose 3*m - 2*y - 1247 = 2*m, -3*m = -4*y - 3747. Suppose 2*q - m = -5*q. Is q a composite number?
False
Suppose 222 = -4*d - 5*m - 4298, 3*d + 3390 = 3*m. Suppose -23*a - 11856 = -7*a. Let y = a - d. Is y prime?
True
Suppose -10*a + 18384 = -926. Is a a composite number?
False
Suppose 15*o - 6 = 12*o. Suppose 2*j + 4*p = -16, -5*j + 3*p + 12 = -j. Suppose 1256 = 4*k + 3*w, o*k - w - 638 = -j*w. Is k a composite number?
False
Let y(v) = -v + 2. Let a be y(-6). Suppose a*i - 10*i + 3418 = 0. Is i prime?
True
Let p be -2*4/8*-18. Is (-4)/p - 1847/(-9) a prime number?
False
Let o be 2/(-3)*9/6. Let z be (15/(-6))/(o/(-2)). Let r(g) = -2*g**3 + 3*g**2 - 2*g - 6. Is r(z) prime?
False
Let v = 1 - 1. Let n(u) be the second derivative of -u**3/3 + 35*u**2/2 - 79*u. Is n(v) composite?
True
Let r be (-10)/(-6) - 2/(-6). Suppose -31*z - 56 = -35*z. Suppose -r*a + 408 + z = 0. Is a a composite number?
False
Let t(u) = u**2 + u. Let p be t(-1). Suppose -6*z - 62 + 716 = p. Is z a prime number?
True
Let o(v) = 5630*v - 49. Is o(3) a composite number?
True
Suppose -2*m + 48 = 4*w, 4*w = 5*m - 3*m - 8. Is (-7)/m*(-1 + -147) a prime number?
False
Suppose 10*u - 1398 = 232. Is u a composite number?
False
Suppose 14*j - 12*j = 6. Suppose 2*m = -0*m - 2*f + 1850, m + j*f = 915. Suppose -4*g = 2*k - m, g + k = -k + 225. Is g composite?
True
Let u = -122 - -143. Is u a prime number?
False
Let h(z) = -5*z**2 - 5*z + 3. Let l be h(10). Let n = 408 - l. Is n prime?
False
Suppose -3*a = -p + 3746, -4*p - 5*a + 2216 + 12853 = 0. Is p a composite number?
False
Is (-7034738)/(-445) + (-6)/(-10) a prime number?
True
Let l(w) = 27*w**2 - 11*w - 39. Let p be l(13). Suppose -p = -6*c + 3185. Is c prime?
False
Let x = -1 - 3. Is (1/(-6)*x)/(4/16662) a composite number?
False
Let s be 104/12*(-3)/2. Let y be 18/12 + s/2. Is (-2098)/y + 33/(-55) a prime number?
True
Suppose 0 = 5*b - h - 3802, -5*b + 5*h + 3793 = h. Is b a composite number?
False
Let h(p) = -5*p + 1. Suppose 0 = -2*a - 4*q + 6, 0*a - 3*a = -2*q + 7. Let m be h(a). Suppose -n + 65 = m. Is n composite?
False
Suppose 3*c - 3*m - 18 = 0, c - 2*m + 0 = 8. Let l be 2 - c/(8/(-2)). Let o(x) = 3*x**2 + 3*x + 1. Is o(l) prime?
True
Let f = 0 + 0. Suppose 3*r - 1837 + 250 = f. Is r a composite number?
True
Suppose n - 84 = 46. Let r = n - 439. Let b = 548 + r. Is b composite?
False
Let i = 16 + -24. Let y = 67 + i. Is y a prime number?
True
Suppose 0 = 2*g + 5*y - 5251, -40*g + 44*g - 5*y = 10547. Is g a composite number?
False
Let g = 4484 + -1653. Is g a prime number?
False
Suppose -5*f + 4 = -6. Suppose -3*r = -f*r - 4. Suppose -3*k = -3*c + 639, -r = -3*k + 2. Is c a composite number?
True
Let v = 367 + 795. Is (2 + v)/2 + 2 + -1 a composite number?
True
Let u be (-6)/(-4) + 72/16. Suppose -5*h + 5*n + 2055 = 0, -u*n + n = h - 399. Is h a composite number?
False
Let u = -3326 - -23989. Is u prime?
True
Suppose -3*c = 2*c. Let z = -195 + 199. Suppose c = z*p - 342 - 550. Is p a composite number?
False
Let w be 1 + -201*(-20)/15. Let f = w + -110. Is f a prime number?
False
Is (-5658)/(-36) - 8/48 a composite number?
False
Let g(c) = 401*c**2 + 10*c - 4. Is g(3) a prime number?
False
Suppose 5*y - 5*m - 15 = 0, -5*m = y + 16 - 43. Is (y/(-2))/((-3)/26982*3) a prime number?
False
Let v(j) be the third derivative of 0 - 1/12*j**4 + 2*j**2 - 1/60*j**5 + 0*j - 1/3*j**3 - 1/40*j**6. Is v(-2) a composite number?
True
Is -19004*8/(-12)*(-6)/(-8) composite?
True
Let m = -2659 + 9287. Suppose -10*n = -6*n - m. Is n a prime number?
True
Suppose c - 5*b - 264 = 265, 0 = -4*c + 3*b + 2082. Let n = -763 - -768. Suppose n*u = 1166 + c. Is u prime?
True
Is 12582360/456 - 4*2/(-76) a composite number?
True
Let p be ((-6)/15)/((-1)/(-25)). Let t = p + 5. Let n = t - -102. Is n a composite number?
False
Let c = 10 - 4. Let q be (c + -3)/(3/(-2)). Is 746/14 + q/7 composite?
False
Suppose -5*n + 10 = -0*n. Let c(r) = -1 - n + 9*r - 8 + 11*r. Is c(5) prime?
True
Suppose -v + 6*b - 19 = b, -b = 3*v + 9. Is v/10 - (-47604)/60 composite?
True
Let l(t) = -87*t**3 - 25*t**2 - 32*t + 11. Is l(-9) composite?
True
Let r = -3 + 8. Suppose -6 = -5*x + 14, -r*a + 3*x = 17. Is -3 - -17*(a + 3) a prime number?
True
Let q = 16319 - 3016. Is q a prime number?
False
Let f(a) = 17*a**2 - 49*a - 2*a**3 + 43*a - 17 - 3. Is f(-7) a prime number?
False
Is ((-593464)/(-24) + 12)*3 a composite number?
False
Suppose 0 = 7*t - 8170 - 671. Is t a composite number?
True
Let n(v) = v**2 + 9*v + 8. Let o be n(-7). Is (-3)/9 - 3680/o a prime number?
True
Suppose 524 = -8*d + 149620. Is d composite?
False
Let l(t) = -213*t + 1. Let x(h) be the second derivative of -h**3/3 + 9*h**2/2 - 2*h. Let o be x(5). Is l(o) a prime number?
False
Is 3/((-24)/4322)*(37 - 41) composite?
False
Is (-5)/(10/(-138))*159/9 a composite number?
True
Let w(q) = 6*q**2 + 63*q + 194. Is w(39) composite?
False
Let x be (890/(-8))/(2/(-8)). Let m = -795 + 795. Suppose m*a = -a + x. Is a prime?
False
Let o(y) = 4*y + 2 - 18 - y + 5*y. Let d be o(8). Is -21*4/(d/(-20)) a prime number?
False
Is (-1 - (-7)/3)/((-444)/(-5122206)) composite?
True
Suppose -4*l + 4*a = -22024, 27500 = l + 4*l + a. Is l a prime number?
True
Let s = -9632 - -18145. Is s a prime number?
True
Let r(h) = -h**2 - 12*h + 14. Let v be r(-13). Is v/(4 - 2134/534) a prime number?
False
Suppose m + 4 = -o + 1, 2*m = 4*o + 18. Let n(l) = 5154*l**2 + 3*l - 2. Is n(m) a prime number?
False
Let a(i) = -5*i + 5. Let o be a(7). Let k be 28/6 - (-20)/o. Suppose 113 = k*g - 39. Is g composite?
True
Let v(j) = -j - 5. Let q be v(-9). Suppose q*d + d - a = 18939, -4*d + a = -15152. Is d a composite number?
True
Let j = -4222 - -1529. Let z = j - -4452. Is z a prime number?
True
Suppose 6*c = 67773 - 15795. Is c a prime number?
True
Let m(l) = l**2 + 15*l - 14. Let n be m(-15). Let y = 31 + n. Suppose -13*h = -y*h + 84. Is h a prime number?
False
Let a(q) = -17*q - 3. Let u be a(-1). Is 4/u + (-1280)/(-28) a prime number?
False
Is (-26803)/(-2) + (-4)/(16/(-6)) composite?
True
Suppose -287*j + 266*j + 855435 = 0. Is j a prime number?
False
Suppose -5*t - 4*s - 239 = 0, -t - s + 259 = -6*t. Let g = -2 + 130. Let p = g - t. Is p prime?
True
Suppose -16 = -3*i + 161. Let w = i - 30. Suppose 2*g + w = z, g + 8 + 65 = 2*z. Is z composite?
True
Suppose -v + 2085 = n + 3*n, 2*n = -3*v + 6245. Is (0/((-4)/4))/(-2) + v a composite number?
False
Is (64989 + 0 + -3)*(-11)/(-22) composite?
True
Let d(h) = -2*h**3 + 23*h**2 - 12*h + 3. Is d(8) prime?
False
Suppose 26 = f + 33. Is 4/(-4) + 7/(f/(-150)) a prime number?
True
Let z(i) = -i**3 - 3*i**2 - i + 4302. Let s be z(0). Suppose 5*y = 5*j - 3*j - s, 4*j = -3*y + 8656. Is j composite?
False
Let w(i) = i**3 - 8*i**2 - 16*i + 23. Let s be w(10). Suppose 0 = -4*j + v - 125, 3*v + 15 = -j - 0*j. Let b = s + j. Is b prime?
False
Suppose 51*g